is the remainder when 16 is divided by v(-6)?
4
Let l(q) = 5*q**2. Let s be l(1). Suppose -2*y + 173 = s*i, -2*y - 102 = -i - 257. What is the remainder when y is divided by 20?
19
Suppose -104 = -4*s - 20. What is the remainder when s is divided by 12?
9
Let q(s) = -s**2 - 6*s + 4. Let o be q(-6). Let c(y) = y**2 - 3*y - 1. Let m be c(o). Suppose -m*z + 7 + 5 = 0. What is the remainder when z is divided by 3?
1
Let o = 10 + -2. Let q(t) = 7*t**2 - 15*t - 7. Let r(l) = -4*l**2 + 7*l + 4. Let d(v) = -3*q(v) - 5*r(v). What is the remainder when 33 is divided by d(o)?
16
Suppose u - 10 = -u. Calculate the remainder when 8 is divided by u.
3
Suppose -7*f + 4*f = -162. Calculate the remainder when f is divided by 14.
12
Suppose y + 2 = 0, -4*i - y = i + 82. Let l be 364/(-10) + 6/15. Let d = i - l. What is the remainder when d is divided by 7?
6
Let l(q) = -q**3 + q**2 + 3*q - 4. Let h be l(-4). Let w = h - 29. Calculate the remainder when w is divided by 18.
17
Let d = 178 - 80. What is the remainder when d is divided by 33?
32
Suppose 4*d - 41 = -5*w - 0*d, -d = w - 9. Calculate the remainder when (-315)/(-25) - (-2)/w is divided by 8.
5
Suppose 36*w + 42 = 37*w. Calculate the remainder when w is divided by 9.
6
Let w be (-5)/((-15)/(-9)) + 14. Suppose w*o - 35 = 6*o. What is the remainder when 33 is divided by o?
5
Suppose 39 = -w + 2*w - 5*j, 0 = 5*w - 2*j - 103. Calculate the remainder when 73 is divided by w.
16
Let v = 33 + -24. Calculate the remainder when 22 is divided by v.
4
Calculate the remainder when 51 is divided by (2 + 22)*(-3)/(-4).
15
Suppose 4*p + 43 = x, -7*x + 211 = -3*x - 3*p. What is the remainder when x is divided by 29?
26
Suppose -w - 2 = -2*h - 11, -h = -2*w + 12. Suppose 0 = -3*c - 2*u - 68 - 52, 178 = -w*c + 4*u. What is the remainder when 1/(-1) - (c + 3) is divided by 12?
10
Suppose 2*z - 128 = -2*z. Calculate the remainder when 93 is divided by z.
29
Let q(w) = 2*w**2 + 1. Let l be q(-3). Suppose 0 = -3*t + l + 2. Calculate the remainder when 26 is divided by t.
5
Let r(m) = 10*m - 22. What is the remainder when r(6) is divided by 10?
8
Suppose 3*c + 2*c - 3*z = 10, -3*c + 2*z + 6 = 0. Calculate the remainder when c + (48/3 - -1) is divided by 10.
9
Let k = 37 + -24. Calculate the remainder when 50 is divided by k.
11
Let r(g) = g**3 - 7*g**2 - 11*g + 2. Let l be r(8). Let j = l + 33. Calculate the remainder when 41 is divided by j.
8
Suppose -3*c + 6 = 0, -h - 4*c + 5*c = 10. Suppose -3*t = -5*t - 4*v + 34, -4*t + 68 = 3*v. Calculate the remainder when t is divided by (-30)/4*h/10.
5
Suppose -5*c - 2*p = -7*p, 0 = -c + 2*p. Let k = -1 - c. What is the remainder when 49 is divided by (k/(-3))/(2/102)?
15
Suppose 110 = 4*m + 2*o, 5*m = -4*o - 0*o + 133. Calculate the remainder when 202 is divided by m.
28
Suppose 0 = 4*l - 0*l + 12. Let a be l - (14/(-2) - -1). Suppose 2*v - 2*u - 52 = -u, a*v + 4*u = 78. What is the remainder when v is divided by 14?
12
Suppose 42 + 34 = 2*g. Calculate the remainder when g is divided by 4.
2
Let c(b) = b**2 + 4*b - 2. Let m be c(-4). Let k be (-1)/m - (-14)/4. Suppose 0 = 2*y + 8, n - 50 = -2*n - k*y. Calculate the remainder when n is divided by 8.
6
Suppose 5*h + t - 180 = 0, 4*h - t + 5*t - 160 = 0. Suppose 11 = 4*f - 61. What is the remainder when h is divided by f?
17
Suppose -2*v = -10, 0*y + 3*y - v - 10 = 0. Calculate the remainder when y is divided by 3.
2
Suppose 2*o + 2*x + 10 = 6*o, -2*o + 4*x = -20. Suppose -2*g + o*g + 28 = 0. Calculate the remainder when 55 is divided by g.
13
Let y(n) = 0*n**3 - 6*n + n + 7*n**2 + n**3 - 2*n**3. Calculate the remainder when 70/3 + (-2)/6 is divided by y(6).
5
Suppose 4*s - 188 = 4*z, -2*s - s + 98 = -2*z. Let d = -30 - z. What is the remainder when 37 is divided by d?
11
Suppose 4*i + 0*a + 2*a - 56 = 0, -a + 14 = i. Let b = 23 - i. Calculate the remainder when 26 is divided by b.
8
Suppose 0 = -2*y + 6 + 4. Let h(f) = 2*f**2 - 2*f - 1. Let s be h(2). Let l = y - s. What is the remainder when 4 is divided by l?
0
Let o(y) = -31*y + 21. Let q(i) = -15*i + 11. Let s(c) = 4*o(c) - 9*q(c). What is the remainder when s(7) is divided by 16?
14
Let v be ((-44)/6)/(10/(-15)). Suppose -v = -3*s + 1. What is the remainder when 22 is divided by (-99)/(-12) + (-1)/s?
6
Suppose 54*w = 52*w + 38. What is the remainder when 132 is divided by w?
18
Let l(z) = -z**2 - 4*z + 5. Calculate the remainder when 18 is divided by l(-4).
3
Let t = -3 + 5. Let a(c) = -c**2 + 7*c + 5. What is the remainder when (-408)/(-30) + t/5 is divided by a(7)?
4
Let r(s) = -9*s**2 + s + 1. Let q be r(-2). Let c = q - 6. Let m = c - -70. Calculate the remainder when m is divided by 14.
13
Let z be -9*(12/9)/(-4). Let k be (-1)/(z + (-2 - 0)). Let y(b) = -29*b**3 - 1. Calculate the remainder when y(k) is divided by 15.
13
Let n be 16/((24/15)/4). Suppose 0*j - 5*j = -n. What is the remainder when 22 is divided by j?
6
Let c = -289 + 961. Suppose 6*m - 1080 = m - 3*x, 3*x = 3*m - c. Suppose 3*i - 90 = i - s, m = 5*i + s. What is the remainder when i is divided by 15?
13
Let d = 2 - -9. Let p(y) = -5*y + 3 - 2 + 2 + 8*y. Calculate the remainder when p(6) is divided by d.
10
Let p(o) = -2*o + 7. Let i be p(7). Calculate the remainder when 42 is divided by i + 7 + 15/1.
12
Suppose -8*c = -5*c + 15. What is the remainder when 13 is divided by ((-5)/3)/c*12?
1
Let g = 6 + 7. What is the remainder when 36 is divided by g?
10
Calculate the remainder when 19 is divided by (-1456)/(-120) - 2/15.
7
Suppose -3*t = n - 132, -4*n - 22 = -t + 9. What is the remainder when t is divided by 15?
13
Suppose -t + 60 = 2*t. Suppose 0 = -4*w + 3*w - 3*d - 4, 0 = 3*w - 5*d - 58. Calculate the remainder when t is divided by w.
9
Suppose -3 - 1 = -4*z, 2*z - 7 = -5*o. What is the remainder when 3 is divided by o?
0
Suppose 0 = -3*u + 513 - 189. What is the remainder when u is divided by 37?
34
Suppose -5*v - 4*x = -2*v - 8, 9 = 3*v + 3*x. What is the remainder when 45 is divided by (-473)/(-22) + 6/v?
22
Let n = 18 + 25. Calculate the remainder when n is divided by 16.
11
Let x = 19 + -4. Suppose b + 132 = 6*s - s, b = s - 24. Calculate the remainder when s is divided by x.
12
Suppose 5*n + 0*n = 0. Suppose -2*s - 2*y - 56 = -n*y, -2*y = -s - 40. Let z = s - -49. What is the remainder when z is divided by 9?
8
Suppose 5*v = 152 + 38. Suppose 0 = o - k - 26 - 41, k = 5*o - 319. What is the remainder when v is divided by o/5 - (-6)/15?
12
Suppose 0 = -2*y - 3*y + 3*n, -3*n = 3*y. Suppose -62 = -3*m + 2*l - 4*l, -3*m - 4*l + 58 = y. Calculate the remainder when 42 is divided by m.
20
Suppose 75 = -3*u - 4*o, -u + 3*o + 0 = 12. Let g = u - -55. Calculate the remainder when g is divided by 9.
7
Suppose 0*o = o. Suppose o = -4*q + q + 9. Suppose 4*f = 12 + 16. What is the remainder when f is divided by q?
1
Let o = 6 + -12. Let m(f) = -f**3 + 0*f**2 - 9*f - 3 - 4*f**2 - 3*f**2. Calculate the remainder when 43 is divided by m(o).
13
Suppose 0 = -4*k + 6 + 2. Let w(v) = v**2 + v - 1. What is the remainder when 18 is divided by w(k)?
3
Let k = -1 - 3. Let p = k + 12. Calculate the remainder when 30 is divided by p.
6
Let v = 5 - 3. Suppose 0*o - v*o - p + 110 = 0, p = -3*o + 165. Calculate the remainder when o is divided by 19.
17
Suppose 1 = 3*b + 4. Let c = b + 7. What is the remainder when 23 is divided by c?
5
Let t(w) = -w - 8. What is the remainder when t(-10) is divided by 1?
0
Let c = -7 + 12. Suppose 3*v + v - 244 = 2*y, 300 = 5*v - c*y. What is the remainder when v is divided by 16?
14
Let m = 27 - 1. Let x = m + 15. Calculate the remainder when x is divided by 11.
8
Suppose 4*n - 16 - 16 = 2*z, 3*z + 36 = 4*n. Calculate the remainder when 49 is divided by 117/n*8/12.
10
Let f = 15 - -15. Let n be (4 - 1) + 0 + 63. Suppose 4*i - k + 2*k = n, 2*i - 38 = -3*k. Calculate the remainder when f is divided by i.
14
Suppose -3*f = -f - 5*d - 23, 4*d + 16 = f. What is the remainder when (-19)/(-2)*f/2 is divided by 7?
5
Suppose t - 2 - 5 = 0. What is the remainder when 12 is divided by t?
5
Let m(s) = s**3 + 5*s**2 - 6*s + 13. Let n = 6 + 1. What is the remainder when m(-6) is divided by n?
6
Let b = 389 - 385. Suppose -2*d - 8 = -28. Suppose 0 = 2*y - 0*y - d. What is the remainder when y is divided by